o base 10.
-1
What is 12 (base 14) in base 3?
121
Convert -1211 (base 6) to base 15.
-14a
Convert 4 (base 16) to base 6.
4
What is -23 (base 8) in base 15?
-14
What is -6 (base 10) in base 15?
-6
-12 (base 8) to base 12
-a
Convert 102002 (base 3) to base 16.
12b
What is -60 (base 14) in base 10?
-84
What is -33 (base 11) in base 3?
-1100
233 (base 7) to base 8
172
-1 (base 4) to base 13
-1
-1212 (base 3) to base 15
-35
110 (base 2) to base 11
6
3 (base 14) to base 10
3
Convert 38 (base 16) to base 13.
44
What is 15 (base 9) in base 4?
32
200 (base 4) to base 8
40
What is 443 (base 7) in base 3?
22102
5 (base 10) to base 15
5
3 (base 10) to base 13
3
1 (base 5) to base 10
1
What is -3 (base 7) in base 13?
-3
Convert 44 (base 6) to base 3.
1001
What is 64 (base 12) in base 5?
301
What is -10 (base 6) in base 15?
-6
What is -142 (base 5) in base 12?
-3b
What is 11 (base 14) in base 5?
30
What is 30 (base 4) in base 9?
13
What is -7e (base 15) in base 2?
-1110111
3 (base 16) to base 2
11
Convert -4 (base 11) to base 3.
-11
Convert -10 (base 2) to base 12.
-2
-97 (base 10) to base 16
-61
Convert -1 (base 13) to base 12.
-1
25 (base 8) to base 14
17
16 (base 9) to base 15
10
What is 4 (base 10) in base 9?
4
Convert 12 (base 3) to base 11.
5
10 (base 4) to base 5
4
110000 (base 2) to base 14
36
Convert 22a (base 11) to base 13.
181
Convert -8 (base 13) to base 11.
-8
What is 0 (base 12) in base 4?
0
Convert 2 (base 4) to base 3.
2
Convert -20 (base 3) to base 5.
-11
What is 70 (base 11) in base 15?
52
What is 410 (base 5) in base 11?
96
3 (base 12) to base 10
3
What is -1022 (base 3) in base 8?
-43
5 (base 9) to base 11
5
1000 (base 2) to base 15
8
What is 4 (base 16) in base 8?
4
What is 6 (base 8) in base 10?
6
16 (base 10) to base 14
12
What is -6 (base 8) in base 14?
-6
What is 18 (base 10) in base 12?
16
-10 (base 5) to base 6
-5
Convert -a (base 14) to base 10.
-10
What is 4 (base 11) in base 8?
4
4 (base 11) to base 6
4
What is -33 (base 4) in base 3?
-120
What is -210 (base 5) in base 4?
-313
What is 11a (base 11) in base 10?
142
Convert 110 (base 4) to base 8.
24
Convert 3 (base 6) to base 15.
3
Convert 6 (base 15) to base 6.
10
What is 4 (base 14) in base 2?
100
What is 210 (base 5) in base 9?
61
What is 67 (base 16) in base 7?
205
What is 1011 (base 2) in base 9?
12
Convert -1 (base 10) to base 4.
-1
What is 45 (base 7) in base 4?
201
265 (base 7) to base 8
221
What is 2 (base 9) in base 13?
2
What is 0 (base 5) in base 4?
0
What is 1001111 (base 2) in base 11?
72
Convert 16 (base 11) to base 8.
21
Convert 100101 (base 2) to base 12.
31
Convert 7 (base 8) to base 14.
7
2300 (base 4) to base 2
10110000
0 (base 10) to base 14
0
Convert -1241 (base 6) to base 11.
-265
9 (base 10) to base 7
12
-1b (base 14) to base 2
-11001
-186 (base 11) to base 8
-327
Convert 1 (base 11) to base 5.
1
What is fb (base 16) in base 9?
308
What is -53 (base 9) in base 16?
-30
What is -a (base 11) in base 4?
-22
62 (base 9) to base 3
2002
Convert -77 (base 9) to base 12.
-5a
What is -7 (base 14) in base 12?
-7
Convert 15 (base 8) to base 4.
31
15 (base 7) to base 6
20
What is -1 (base 6) in base 4?
-1
What is -1000 (base 2) in base 15?
-8
103 (base 4) to base 2
10011
5 (base 12) to base 4
11
What is 26 (base 14) in base 5?
114
9 (base 13) to base 14
9
Convert -267 (base 10) to base 9.
-326
Convert -2011 (base 3) to base 15.
-3d
Convert 2 (base 12) to base 7.
2
Convert -8 (base 13) to base 14.
-8
Convert -112 (base 8) to base 3.
-2202
1011 (base 3) to base 5
111
What is -64 (base 10) in base 3?
-2101
What is 1001010 (base 2) in base 8?
112
210 (base 5) to base 8
67
Convert -6 (base 10) to base 7.
-6
Convert -5 (base 6) to base 11.
-5
Convert -1334 (base 5) to base 9.
-263
-101 (base 11) to base 9
-145
Convert -2 (base 8) to base 15.
-2
What is 40 (base 15) in base 3?
2020
-127 (base 10) to base 11
-106
What is 62 (base 7) in base 14?
32
What is -c (base 15) in base 2?
-1100
-23 (base 6) to base 11
-14
Convert 24 (base 8) to base 9.
22
What is 2 (base 7) in base 14?
2
-12 (base 7) to base 8
-11
Convert 2 (base 15) to base 13.
2
26 (base 14) to base 15
24
What is 5 (base 14) in base 12?
5
What is -2 (base 16) in base 4?
-2
What is -3 (base 12) in base 8?
-3
-5 (base 8) to base 7
-5
What is 1 (base 8) in base 16?
1
Convert 5 (base 14) to base 9.
5
Convert 0 (base 16) to base 8.
0
-21 (base 4) to base 13
-9
What is 19 (base 15) in base 8?
30
Convert 10 (base 16) to base 6.
24
What is 30 (base 4) in base 2?
1100
1 (base 6) to base 13
1
Convert -67 (base 9) to base 6.
-141
Convert -10201 (base 4) to base 7.
-562
Convert -101 (base 3) to base 11.
-a
What is -11 (base 2) in base 14?
-3
What is -6 (base 15) in base 11?
-6
Convert 12 (base 8) to base 14.
a
Convert 9 (base 15) to base 2.
1001
-466 (base 7) to base 10
-244
Convert -2212 (base 4) to base 3.
-20011
What is -7 (base 12) in base 6?
-11
1c (base 15) to base 3
1000
Convert 72 (base 8) to base 6.
134
-45 (base 10) to base 14
-33
-2 (base 9) to base 12
-2
-304 (base 9) to base 11
-205
What is d4 (base 16) in base 9?
255
-5 (base 7) to base 2
-101
Convert -68 (base 9) to base 3.
-2022
Convert 72 (base 14) to base 11.
91
Convert -5e (base 15) to base 7.
-155
-4 (base 14) to base 16
-4
Convert 7 (base 9) to base 5.
12
What is 10110100 (base 2) in base 11?
154
Convert 7 (base 16) to base 10.
7
Convert -2210 (base 4) to base 3.
-20002
Convert 1342 (base 6) to base 7.
1010
10010 (base 3) to base 12
70
What is 5 (base 8) in base 9?
5
1 (base 9) to base 4
1
Convert 105 (base 6) to base 3.
1112
Convert 12 (base 13) to base 2.
1111
Convert 100101101 (base 2) to base 8.
455
31 (base 5) to base 10
16
Convert 10 (base 4) to base 8.
4
-33 (base 12) to base 11
-36
49 (base 13) to base 3
2021
What is -1 (base 12) in base 11?
-1
What is 5 (base 6) in base 14?
5
Convert 111 (base 3) to base 10.
13
What is 4 (base 10) in base 6?
4
What is 20 (base 4) in base 6?
12
150 (base 9) to base 13
99
2222 (base 3) to base 4
1100
-2 (base 10) to base 9
-2
Convert -5 (base 6) to base 4.
-11
Convert -2a (base 11) to base 6.
-52
What is 5 (base 11) in base 9?
5
What is 3 (base 14) in base 2?
11
-5 (base 10) to base 4
-11
Convert 2022 (base 3) to base 15.
42
Convert -1 (base 2) to base 3.
-1
-101 (base 2) to base 10
-5
-2 (base 12) to base 3
-2
Convert 13 (base 6) to base 16.
9
What is 11 (base 3) in base 10?
4
Convert 0 (base 16) to base 10.
0
What is -110000010 (base 2) in base 11?
-321
What is -3 (base 12) in base 4?
-3
-94 (base 10) to base 14
-6a
Convert 12 (base 16) to base 15.
13
What is -4 (base 13) in base 8?
-4
What is 151 (base 8) in base 7?
210
What is -12 (base 9) in base 12?
-b
Convert -15 (base 13) to base 2.
-10010
What is -5 (base 9) in base 3?
-12
-51 (base 6) to base 15
-21
-a (base 15) to base 4
-22
Convert 0 (base 12) to base 16.
0
What is -132 (base 11) in base 13?
-c0
-a0 (base 12) to base 14
-88
1a (base 12) to base 13
19
Convert 2 (base 8) to base 13.
2
What is 36 (base 10) in base 4?
210
What is -31 (base 12) in base 6?
-101
-8c (base 14) to base 9
-147
-13 (base 11) to base 6
-22
Convert 4 (base 13) to base 4.
10
What is -10 (base 10) in base 9?
-11
-65 (base 8) to base 2
-110101
What is 1 (base 3) in base 12?
1
3b (base 13) to base 14
38
Convert a (base 11) to base 7.
13
Convert 21 (base 11) to base 7.
32
What is -223 (base 5) in base 8?
-77
144 (base 6) to base 5
224
520 (base 6) to base 5
1232
-4 (base 12) to base 11
-4
Convert -3 (base 10) to base 6.
-3
Convert -8 (base 11) to base 14.
-8
Convert 6 (base 11) to base 4.
12
What is -10012 (base 3) in base 6?
-222
-311 (base 9) to base 14
-141
Convert 100000 (base 2) to base 10.
32
48 (base 11) to base 8
64
Convert 3 (base 8) to base 13.
3
What is -316 (base 10) in base 15?
-161
What is -102 (base 3) in base 16?
-b
112 (base 11) to base 3
11222
-5 (base 14) to base 2
-101
What is 200 (base 4) in base 10?
32
What is -1 (base 12) in base 15?
-1
Convert 1 (base 15) to base 16.
1
Convert -5 (base 14) to base 10.
-5
What is 3 (base 4) in base 14?
3
What is -105 (base 7) in base 5?
-204
What is 145 (base 10) in base 15?
9a
d (base 14) to base 13
10
Convert -1011 (base 4) to base 2.
-1000101
What is -278 (base 10) in base 14?
-15c
Convert 3 (base 9) to base 15.
3
What is 262